{"id":345,"date":"2024-12-26T18:54:13","date_gmt":"2024-12-26T18:54:13","guid":{"rendered":"http:\/\/andreasvonhippel.de\/?page_id=345"},"modified":"2024-12-29T12:07:22","modified_gmt":"2024-12-29T12:07:22","slug":"ueber-den-kuenstler","status":"publish","type":"page","link":"https:\/\/andreasvonhippel.de\/?page_id=345","title":{"rendered":"\u00dcBER DEN K\u00dcNSTLER"},"content":{"rendered":"\n<p><\/p>\n\n\n\n<p><\/p>\n\n\n\n<div class=\"wp-block-columns is-layout-flex wp-container-core-columns-is-layout-9d6595d7 wp-block-columns-is-layout-flex\">\n<div class=\"wp-block-column is-layout-flow wp-block-column-is-layout-flow\">\n<figure class=\"wp-block-image size-full\"><a href=\"http:\/\/andreasvonhippel.de\/wp-content\/uploads\/2024\/12\/2-Andreas-von-Hippel-2021-kl-1.jpg\"><img loading=\"lazy\" decoding=\"async\" width=\"563\" height=\"963\" src=\"http:\/\/andreasvonhippel.de\/wp-content\/uploads\/2024\/12\/2-Andreas-von-Hippel-2021-kl-1.jpg\" alt=\"\" class=\"wp-image-484\" srcset=\"https:\/\/andreasvonhippel.de\/wp-content\/uploads\/2024\/12\/2-Andreas-von-Hippel-2021-kl-1.jpg 563w, https:\/\/andreasvonhippel.de\/wp-content\/uploads\/2024\/12\/2-Andreas-von-Hippel-2021-kl-1-175x300.jpg 175w\" sizes=\"auto, (max-width: 563px) 100vw, 563px\" \/><\/a><\/figure>\n<\/div>\n\n\n\n<div class=\"wp-block-column is-layout-flow wp-block-column-is-layout-flow\">\n<p><strong>LEBENSLAUF<\/strong><\/p>\n\n\n\n<p><\/p>\n\n\n\n<p>geboren 1962 in Kiel<\/p>\n\n\n\n<p>bereits 1973 von seiner Schule zum Stipendium f\u00fcr Malerei vorgeschlagen<\/p>\n\n\n\n<p>Wettbewerbe im Bereich Fotografie gewonnen<\/p>\n\n\n\n<p>1983 Abitur in Kiel<\/p>\n\n\n\n<p>1989 Diplom zum Kunsttherapeuten und Kunstp\u00e4dagogen<\/p>\n\n\n\n<p>arbeitet seither als freischaffender K\u00fcnstler mit diversen Gruppen- und Einzelausstellungen<\/p>\n\n\n\n<p>zudem seit 1991 als Diplom-Kunsttherapeut im jugendpsychiatrischen Bereich t\u00e4tig<\/p>\n\n\n\n<p>lebt und arbeitet seit 1993 in Flensburg<\/p>\n<\/div>\n<\/div>\n\n\n\n<p><\/p>\n\n\n\n<p><\/p>\n\n\n\n<p><\/p>\n\n\n\n<p>Der K\u00fcnstler Andreas von Hippel darf mit Recht als ein gestalterisches Cham\u00e4leon bezeichnet werden. In Fotografie, Zeichnung, Malerei und Bildhauerei vermag er feinf\u00fchlig atmosph\u00e4rische Gestaltungen zu erarbeiten. <\/p>\n\n\n\n<figure class=\"wp-block-image size-full\"><a href=\"http:\/\/andreasvonhippel.de\/wp-content\/uploads\/2024\/12\/Kuenstlerportraitreihe-A-1.png\"><img loading=\"lazy\" decoding=\"async\" width=\"1000\" height=\"219\" src=\"http:\/\/andreasvonhippel.de\/wp-content\/uploads\/2024\/12\/Kuenstlerportraitreihe-A-1.png\" alt=\"\" class=\"wp-image-487\" srcset=\"https:\/\/andreasvonhippel.de\/wp-content\/uploads\/2024\/12\/Kuenstlerportraitreihe-A-1.png 1000w, https:\/\/andreasvonhippel.de\/wp-content\/uploads\/2024\/12\/Kuenstlerportraitreihe-A-1-300x66.png 300w, https:\/\/andreasvonhippel.de\/wp-content\/uploads\/2024\/12\/Kuenstlerportraitreihe-A-1-768x168.png 768w\" sizes=\"auto, (max-width: 1000px) 100vw, 1000px\" \/><\/a><\/figure>\n","protected":false},"excerpt":{"rendered":"<p>LEBENSLAUF geboren 1962 in Kiel bereits 1973 von seiner Schule zum Stipendium f\u00fcr Malerei vorgeschlagen Wettbewerbe im Bereich Fotografie gewonnen 1983 Abitur in Kiel 1989 Diplom zum Kunsttherapeuten und Kunstp\u00e4dagogen arbeitet seither als freischaffender K\u00fcnstler mit diversen Gruppen- und Einzelausstellungen zudem seit 1991 als Diplom-Kunsttherapeut im jugendpsychiatrischen Bereich t\u00e4tig lebt und arbeitet seit 1993 in &hellip; <a href=\"https:\/\/andreasvonhippel.de\/?page_id=345\" class=\"more-link\"><span class=\"screen-reader-text\">\u00dcBER DEN K\u00dcNSTLER<\/span> weiterlesen<\/a><\/p>\n","protected":false},"author":2,"featured_media":0,"parent":0,"menu_order":0,"comment_status":"closed","ping_status":"closed","template":"","meta":{"footnotes":""},"class_list":["post-345","page","type-page","status-publish","hentry"],"_links":{"self":[{"href":"https:\/\/andreasvonhippel.de\/index.php?rest_route=\/wp\/v2\/pages\/345","targetHints":{"allow":["GET"]}}],"collection":[{"href":"https:\/\/andreasvonhippel.de\/index.php?rest_route=\/wp\/v2\/pages"}],"about":[{"href":"https:\/\/andreasvonhippel.de\/index.php?rest_route=\/wp\/v2\/types\/page"}],"author":[{"embeddable":true,"href":"https:\/\/andreasvonhippel.de\/index.php?rest_route=\/wp\/v2\/users\/2"}],"replies":[{"embeddable":true,"href":"https:\/\/andreasvonhippel.de\/index.php?rest_route=%2Fwp%2Fv2%2Fcomments&post=345"}],"version-history":[{"count":6,"href":"https:\/\/andreasvonhippel.de\/index.php?rest_route=\/wp\/v2\/pages\/345\/revisions"}],"predecessor-version":[{"id":489,"href":"https:\/\/andreasvonhippel.de\/index.php?rest_route=\/wp\/v2\/pages\/345\/revisions\/489"}],"wp:attachment":[{"href":"https:\/\/andreasvonhippel.de\/index.php?rest_route=%2Fwp%2Fv2%2Fmedia&parent=345"}],"curies":[{"name":"wp","href":"https:\/\/api.w.org\/{rel}","templated":true}]}}

ÜBER DEN KÜNSTLER

<p></p>



<p></p>



<div class="wp-block-columns is-layout-flex wp-container-core-columns-is-layout-9d6595d7 wp-block-columns-is-layout-flex">
<div class="wp-block-column is-layout-flow wp-block-column-is-layout-flow">
<figure class="wp-block-image size-full"><a href="http://andreasvonhippel.de/wp-content/uploads/2024/12/2-Andreas-von-Hippel-2021-kl-1.jpg"><img loading="lazy" decoding="async" width="563" height="963" src="http://andreasvonhippel.de/wp-content/uploads/2024/12/2-Andreas-von-Hippel-2021-kl-1.jpg" alt="" class="wp-image-484" srcset="https://andreasvonhippel.de/wp-content/uploads/2024/12/2-Andreas-von-Hippel-2021-kl-1.jpg 563w, https://andreasvonhippel.de/wp-content/uploads/2024/12/2-Andreas-von-Hippel-2021-kl-1-175x300.jpg 175w" sizes="auto, (max-width: 563px) 100vw, 563px" /></a></figure>
</div>



<div class="wp-block-column is-layout-flow wp-block-column-is-layout-flow">
<p><strong>LEBENSLAUF</strong></p>



<p></p>



<p>geboren 1962 in Kiel</p>



<p>bereits 1973 von seiner Schule zum Stipendium für Malerei vorgeschlagen</p>



<p>Wettbewerbe im Bereich Fotografie gewonnen</p>



<p>1983 Abitur in Kiel</p>



<p>1989 Diplom zum Kunsttherapeuten und Kunstpädagogen</p>



<p>arbeitet seither als freischaffender Künstler mit diversen Gruppen- und Einzelausstellungen</p>



<p>zudem seit 1991 als Diplom-Kunsttherapeut im jugendpsychiatrischen Bereich tätig</p>



<p>lebt und arbeitet seit 1993 in Flensburg</p>
</div>
</div>



<p></p>



<p></p>



<p></p>



<p>Der Künstler Andreas von Hippel darf mit Recht als ein gestalterisches Chamäleon bezeichnet werden. In Fotografie, Zeichnung, Malerei und Bildhauerei vermag er feinfühlig atmosphärische Gestaltungen zu erarbeiten. </p>



<figure class="wp-block-image size-full"><a href="http://andreasvonhippel.de/wp-content/uploads/2024/12/Kuenstlerportraitreihe-A-1.png"><img loading="lazy" decoding="async" width="1000" height="219" src="http://andreasvonhippel.de/wp-content/uploads/2024/12/Kuenstlerportraitreihe-A-1.png" alt="" class="wp-image-487" srcset="https://andreasvonhippel.de/wp-content/uploads/2024/12/Kuenstlerportraitreihe-A-1.png 1000w, https://andreasvonhippel.de/wp-content/uploads/2024/12/Kuenstlerportraitreihe-A-1-300x66.png 300w, https://andreasvonhippel.de/wp-content/uploads/2024/12/Kuenstlerportraitreihe-A-1-768x168.png 768w" sizes="auto, (max-width: 1000px) 100vw, 1000px" /></a></figure>

<p>LEBENSLAUF geboren 1962 in Kiel bereits 1973 von seiner Schule zum Stipendium für Malerei vorgeschlagen Wettbewerbe im Bereich Fotografie gewonnen 1983 Abitur in Kiel 1989 Diplom zum Kunsttherapeuten und Kunstpädagogen arbeitet seither als freischaffender Künstler mit diversen Gruppen- und Einzelausstellungen zudem seit 1991 als Diplom-Kunsttherapeut im jugendpsychiatrischen Bereich tätig lebt und arbeitet seit 1993 in &hellip; <a href="https://andreasvonhippel.de/?page_id=345" class="more-link"><span class="screen-reader-text">ÜBER DEN KÜNSTLER</span> weiterlesen</a></p>
