{"id":347,"date":"2024-12-26T18:53:36","date_gmt":"2024-12-26T18:53:36","guid":{"rendered":"http:\/\/andreasvonhippel.de\/?page_id=347"},"modified":"2024-12-29T13:16:03","modified_gmt":"2024-12-29T13:16:03","slug":"zu-sehen","status":"publish","type":"page","link":"https:\/\/andreasvonhippel.de\/?page_id=347","title":{"rendered":"ZU SEHEN"},"content":{"rendered":"\n<p>IN AUSSTELLUNGEN, ALS WOHNKUNST, IM \u00d6FFENTLICHEN RAUM<\/p>\n\n\n\n<p><\/p>\n\n\n\n<p><\/p>\n\n\n\n<p><\/p>\n\n\n\n<p><\/p>\n\n\n\n<h4 class=\"wp-block-heading\">MEINE WERKE SIND VERTRETEN<\/h4>\n\n\n\n<div class=\"wp-block-columns is-layout-flex wp-container-core-columns-is-layout-9d6595d7 wp-block-columns-is-layout-flex\">\n<div class=\"wp-block-column is-layout-flow wp-block-column-is-layout-flow\" style=\"flex-basis:66.66%\">\n<p>in Ausstellungen in der Kunsthandlung Messerschmidt in Flensburg<\/p>\n\n\n\n<p><\/p>\n<\/div>\n\n\n\n<div class=\"wp-block-column is-layout-flow wp-block-column-is-layout-flow\" style=\"flex-basis:33.33%\">\n<figure class=\"wp-block-image size-full\"><a href=\"http:\/\/andreasvonhippel.de\/wp-content\/uploads\/2024\/12\/IMG_0F9AC3ADB3CF-1-1.jpeg\"><img loading=\"lazy\" decoding=\"async\" width=\"600\" height=\"619\" src=\"http:\/\/andreasvonhippel.de\/wp-content\/uploads\/2024\/12\/IMG_0F9AC3ADB3CF-1-1.jpeg\" alt=\"\" class=\"wp-image-515\" srcset=\"https:\/\/andreasvonhippel.de\/wp-content\/uploads\/2024\/12\/IMG_0F9AC3ADB3CF-1-1.jpeg 600w, https:\/\/andreasvonhippel.de\/wp-content\/uploads\/2024\/12\/IMG_0F9AC3ADB3CF-1-1-291x300.jpeg 291w\" sizes=\"auto, (max-width: 600px) 100vw, 600px\" \/><\/a><\/figure>\n<\/div>\n<\/div>\n\n\n\n<div class=\"wp-block-columns is-layout-flex wp-container-core-columns-is-layout-9d6595d7 wp-block-columns-is-layout-flex\">\n<div class=\"wp-block-column is-layout-flow wp-block-column-is-layout-flow\" style=\"flex-basis:66.66%\">\n<p>in Ausstellungen im Flensborg Fjords Kunst &amp; Kulturforening<\/p>\n<\/div>\n\n\n\n<div class=\"wp-block-column is-layout-flow wp-block-column-is-layout-flow\" style=\"flex-basis:33.33%\">\n<figure class=\"wp-block-image size-full\"><a href=\"http:\/\/andreasvonhippel.de\/wp-content\/uploads\/2024\/12\/IMG_20230604_163348-1.jpg\"><img loading=\"lazy\" decoding=\"async\" width=\"600\" height=\"800\" src=\"http:\/\/andreasvonhippel.de\/wp-content\/uploads\/2024\/12\/IMG_20230604_163348-1.jpg\" alt=\"\" class=\"wp-image-501\" srcset=\"https:\/\/andreasvonhippel.de\/wp-content\/uploads\/2024\/12\/IMG_20230604_163348-1.jpg 600w, https:\/\/andreasvonhippel.de\/wp-content\/uploads\/2024\/12\/IMG_20230604_163348-1-225x300.jpg 225w\" sizes=\"auto, (max-width: 600px) 100vw, 600px\" \/><\/a><\/figure>\n<\/div>\n<\/div>\n\n\n\n<div class=\"wp-block-columns is-layout-flex wp-container-core-columns-is-layout-9d6595d7 wp-block-columns-is-layout-flex\">\n<div class=\"wp-block-column is-layout-flow wp-block-column-is-layout-flow\" style=\"flex-basis:66.66%\">\n<p>bei KUNSTSCHAFFEN 2020 im Robbe &amp; Berking Museum<\/p>\n<\/div>\n\n\n\n<div class=\"wp-block-column is-layout-flow wp-block-column-is-layout-flow\" style=\"flex-basis:33.33%\">\n<figure class=\"wp-block-image size-full\"><a href=\"http:\/\/andreasvonhippel.de\/wp-content\/uploads\/2024\/12\/Andreas-von-Hippel-Ausstellung-Kunsttschaffen-2020-Berkingmuseum-Flensburg-Kopie.png\"><img loading=\"lazy\" decoding=\"async\" width=\"788\" height=\"422\" src=\"http:\/\/andreasvonhippel.de\/wp-content\/uploads\/2024\/12\/Andreas-von-Hippel-Ausstellung-Kunsttschaffen-2020-Berkingmuseum-Flensburg-Kopie.png\" alt=\"\" class=\"wp-image-502\" srcset=\"https:\/\/andreasvonhippel.de\/wp-content\/uploads\/2024\/12\/Andreas-von-Hippel-Ausstellung-Kunsttschaffen-2020-Berkingmuseum-Flensburg-Kopie.png 788w, https:\/\/andreasvonhippel.de\/wp-content\/uploads\/2024\/12\/Andreas-von-Hippel-Ausstellung-Kunsttschaffen-2020-Berkingmuseum-Flensburg-Kopie-300x161.png 300w, https:\/\/andreasvonhippel.de\/wp-content\/uploads\/2024\/12\/Andreas-von-Hippel-Ausstellung-Kunsttschaffen-2020-Berkingmuseum-Flensburg-Kopie-768x411.png 768w\" sizes=\"auto, (max-width: 788px) 100vw, 788px\" \/><\/a><\/figure>\n<\/div>\n<\/div>\n\n\n\n<div class=\"wp-block-columns is-layout-flex wp-container-core-columns-is-layout-9d6595d7 wp-block-columns-is-layout-flex\">\n<div class=\"wp-block-column is-layout-flow wp-block-column-is-layout-flow\" style=\"flex-basis:66.66%\">\n<p>im Verzeichnis der K\u00fcnstler Schleswig-Holsteins<\/p>\n<\/div>\n\n\n\n<div class=\"wp-block-column is-layout-flow wp-block-column-is-layout-flow\" style=\"flex-basis:33.33%\">\n<figure class=\"wp-block-image size-full\"><a href=\"http:\/\/andreasvonhippel.de\/wp-content\/uploads\/2024\/12\/Andreas-von-Hippel-_-KUNST@SH-_-Schleswig-Holstein-Hamburg-Profil-1-\u2013-Microsoft\u200b-Edge-14.11.2020-12_15_17.png\"><img loading=\"lazy\" decoding=\"async\" width=\"1024\" height=\"728\" src=\"http:\/\/andreasvonhippel.de\/wp-content\/uploads\/2024\/12\/Andreas-von-Hippel-_-KUNST@SH-_-Schleswig-Holstein-Hamburg-Profil-1-\u2013-Microsoft\u200b-Edge-14.11.2020-12_15_17.png\" alt=\"\" class=\"wp-image-503\" srcset=\"https:\/\/andreasvonhippel.de\/wp-content\/uploads\/2024\/12\/Andreas-von-Hippel-_-KUNST@SH-_-Schleswig-Holstein-Hamburg-Profil-1-\u2013-Microsoft\u200b-Edge-14.11.2020-12_15_17.png 1024w, https:\/\/andreasvonhippel.de\/wp-content\/uploads\/2024\/12\/Andreas-von-Hippel-_-KUNST@SH-_-Schleswig-Holstein-Hamburg-Profil-1-\u2013-Microsoft\u200b-Edge-14.11.2020-12_15_17-300x213.png 300w, https:\/\/andreasvonhippel.de\/wp-content\/uploads\/2024\/12\/Andreas-von-Hippel-_-KUNST@SH-_-Schleswig-Holstein-Hamburg-Profil-1-\u2013-Microsoft\u200b-Edge-14.11.2020-12_15_17-768x546.png 768w\" sizes=\"auto, (max-width: 1024px) 100vw, 1024px\" \/><\/a><\/figure>\n<\/div>\n<\/div>\n\n\n\n<div class=\"wp-block-columns is-layout-flex wp-container-core-columns-is-layout-9d6595d7 wp-block-columns-is-layout-flex\">\n<div class=\"wp-block-column is-layout-flow wp-block-column-is-layout-flow\" style=\"flex-basis:66.66%\">\n<p>in der Ausstellung in R\u00e4umlichkeiten der Fachhochschule Flensburg (2017-2022)<\/p>\n<\/div>\n\n\n\n<div class=\"wp-block-column is-layout-flow wp-block-column-is-layout-flow\" style=\"flex-basis:33.33%\">\n<figure class=\"wp-block-image size-full is-resized\"><a href=\"http:\/\/andreasvonhippel.de\/wp-content\/uploads\/2024\/12\/image-11.png\"><img loading=\"lazy\" decoding=\"async\" src=\"http:\/\/andreasvonhippel.de\/wp-content\/uploads\/2024\/12\/image-11.png\" alt=\"\" class=\"wp-image-365\" width=\"268\" height=\"154\" srcset=\"https:\/\/andreasvonhippel.de\/wp-content\/uploads\/2024\/12\/image-11.png 412w, https:\/\/andreasvonhippel.de\/wp-content\/uploads\/2024\/12\/image-11-300x172.png 300w\" sizes=\"auto, (max-width: 268px) 100vw, 268px\" \/><\/a><\/figure>\n<\/div>\n<\/div>\n\n\n\n<div class=\"wp-block-columns is-layout-flex wp-container-core-columns-is-layout-9d6595d7 wp-block-columns-is-layout-flex\">\n<div class=\"wp-block-column is-layout-flow wp-block-column-is-layout-flow\" style=\"flex-basis:66.66%\">\n<p>in Praxisr\u00e4umlichkeiten<\/p>\n<\/div>\n\n\n\n<div class=\"wp-block-column is-layout-flow wp-block-column-is-layout-flow\" style=\"flex-basis:33.33%\">\n<figure class=\"wp-block-image size-full\"><a href=\"http:\/\/andreasvonhippel.de\/wp-content\/uploads\/2024\/12\/image-25.png\"><img loading=\"lazy\" decoding=\"async\" width=\"400\" height=\"300\" src=\"http:\/\/andreasvonhippel.de\/wp-content\/uploads\/2024\/12\/image-25.png\" alt=\"\" class=\"wp-image-505\" srcset=\"https:\/\/andreasvonhippel.de\/wp-content\/uploads\/2024\/12\/image-25.png 400w, https:\/\/andreasvonhippel.de\/wp-content\/uploads\/2024\/12\/image-25-300x225.png 300w\" sizes=\"auto, (max-width: 400px) 100vw, 400px\" \/><\/a><\/figure>\n<\/div>\n<\/div>\n\n\n\n<div class=\"wp-block-columns is-layout-flex wp-container-core-columns-is-layout-9d6595d7 wp-block-columns-is-layout-flex\">\n<div class=\"wp-block-column is-layout-flow wp-block-column-is-layout-flow\" style=\"flex-basis:66.66%\">\n<p>im Eingangsportal des St. Franziskus Krankenhaus Flensburg<\/p>\n<\/div>\n\n\n\n<div class=\"wp-block-column is-layout-flow wp-block-column-is-layout-flow\" style=\"flex-basis:33.33%\">\n<figure class=\"wp-block-image size-full\"><a href=\"http:\/\/andreasvonhippel.de\/wp-content\/uploads\/2024\/12\/1997-Acryl-Gemaelde-Dampfrumdum-im-St-Franziskus-345x225cm-kl.jpg\"><img loading=\"lazy\" decoding=\"async\" width=\"721\" height=\"582\" src=\"http:\/\/andreasvonhippel.de\/wp-content\/uploads\/2024\/12\/1997-Acryl-Gemaelde-Dampfrumdum-im-St-Franziskus-345x225cm-kl.jpg\" alt=\"\" class=\"wp-image-506\" srcset=\"https:\/\/andreasvonhippel.de\/wp-content\/uploads\/2024\/12\/1997-Acryl-Gemaelde-Dampfrumdum-im-St-Franziskus-345x225cm-kl.jpg 721w, https:\/\/andreasvonhippel.de\/wp-content\/uploads\/2024\/12\/1997-Acryl-Gemaelde-Dampfrumdum-im-St-Franziskus-345x225cm-kl-300x242.jpg 300w\" sizes=\"auto, (max-width: 721px) 100vw, 721px\" \/><\/a><\/figure>\n<\/div>\n<\/div>\n\n\n\n<div class=\"wp-block-columns is-layout-flex wp-container-core-columns-is-layout-9d6595d7 wp-block-columns-is-layout-flex\">\n<div class=\"wp-block-column is-layout-flow wp-block-column-is-layout-flow\" style=\"flex-basis:66.66%\">\n<p>auf der Skulpturenpromenade Sonwik<\/p>\n<\/div>\n\n\n\n<div class=\"wp-block-column is-layout-flow wp-block-column-is-layout-flow\" style=\"flex-basis:33.33%\">\n<figure class=\"wp-block-image size-full\"><a href=\"http:\/\/andreasvonhippel.de\/wp-content\/uploads\/2024\/12\/2010-R0013429-1.jpg\"><img loading=\"lazy\" decoding=\"async\" width=\"600\" height=\"800\" src=\"http:\/\/andreasvonhippel.de\/wp-content\/uploads\/2024\/12\/2010-R0013429-1.jpg\" alt=\"\" class=\"wp-image-508\" srcset=\"https:\/\/andreasvonhippel.de\/wp-content\/uploads\/2024\/12\/2010-R0013429-1.jpg 600w, https:\/\/andreasvonhippel.de\/wp-content\/uploads\/2024\/12\/2010-R0013429-1-225x300.jpg 225w\" sizes=\"auto, (max-width: 600px) 100vw, 600px\" \/><\/a><\/figure>\n<\/div>\n<\/div>\n\n\n\n<div class=\"wp-block-columns is-layout-flex wp-container-core-columns-is-layout-9d6595d7 wp-block-columns-is-layout-flex\">\n<div class=\"wp-block-column is-layout-flow wp-block-column-is-layout-flow\" style=\"flex-basis:66.66%\">\n<p>als Wohnkunst im privaten Bereich<\/p>\n<\/div>\n\n\n\n<div class=\"wp-block-column is-layout-flow wp-block-column-is-layout-flow\" style=\"flex-basis:33.33%\">\n<figure class=\"wp-block-image size-full\"><a href=\"http:\/\/andreasvonhippel.de\/wp-content\/uploads\/2024\/12\/image-26.png\"><img loading=\"lazy\" decoding=\"async\" width=\"412\" height=\"231\" src=\"http:\/\/andreasvonhippel.de\/wp-content\/uploads\/2024\/12\/image-26.png\" alt=\"\" class=\"wp-image-509\" srcset=\"https:\/\/andreasvonhippel.de\/wp-content\/uploads\/2024\/12\/image-26.png 412w, https:\/\/andreasvonhippel.de\/wp-content\/uploads\/2024\/12\/image-26-300x168.png 300w\" sizes=\"auto, (max-width: 412px) 100vw, 412px\" \/><\/a><\/figure>\n<\/div>\n<\/div>\n\n\n\n<p><\/p>\n\n\n\n<p><\/p>\n","protected":false},"excerpt":{"rendered":"<p>IN AUSSTELLUNGEN, ALS WOHNKUNST, IM \u00d6FFENTLICHEN RAUM MEINE WERKE SIND VERTRETEN in Ausstellungen in der Kunsthandlung Messerschmidt in Flensburg in Ausstellungen im Flensborg Fjords Kunst &amp; Kulturforening bei KUNSTSCHAFFEN 2020 im Robbe &amp; Berking Museum im Verzeichnis der K\u00fcnstler Schleswig-Holsteins in der Ausstellung in R\u00e4umlichkeiten der Fachhochschule Flensburg (2017-2022) in Praxisr\u00e4umlichkeiten im Eingangsportal des St. &hellip; <a href=\"https:\/\/andreasvonhippel.de\/?page_id=347\" class=\"more-link\"><span class=\"screen-reader-text\">ZU SEHEN<\/span> weiterlesen<\/a><\/p>\n","protected":false},"author":2,"featured_media":0,"parent":0,"menu_order":0,"comment_status":"closed","ping_status":"closed","template":"","meta":{"footnotes":""},"class_list":["post-347","page","type-page","status-publish","hentry"],"_links":{"self":[{"href":"https:\/\/andreasvonhippel.de\/index.php?rest_route=\/wp\/v2\/pages\/347","targetHints":{"allow":["GET"]}}],"collection":[{"href":"https:\/\/andreasvonhippel.de\/index.php?rest_route=\/wp\/v2\/pages"}],"about":[{"href":"https:\/\/andreasvonhippel.de\/index.php?rest_route=\/wp\/v2\/types\/page"}],"author":[{"embeddable":true,"href":"https:\/\/andreasvonhippel.de\/index.php?rest_route=\/wp\/v2\/users\/2"}],"replies":[{"embeddable":true,"href":"https:\/\/andreasvonhippel.de\/index.php?rest_route=%2Fwp%2Fv2%2Fcomments&post=347"}],"version-history":[{"count":20,"href":"https:\/\/andreasvonhippel.de\/index.php?rest_route=\/wp\/v2\/pages\/347\/revisions"}],"predecessor-version":[{"id":528,"href":"https:\/\/andreasvonhippel.de\/index.php?rest_route=\/wp\/v2\/pages\/347\/revisions\/528"}],"wp:attachment":[{"href":"https:\/\/andreasvonhippel.de\/index.php?rest_route=%2Fwp%2Fv2%2Fmedia&parent=347"}],"curies":[{"name":"wp","href":"https:\/\/api.w.org\/{rel}","templated":true}]}}

<p>IN AUSSTELLUNGEN, ALS WOHNKUNST, IM ÖFFENTLICHEN RAUM</p>



<p></p>



<p></p>



<p></p>



<p></p>



<h4 class="wp-block-heading">MEINE WERKE SIND VERTRETEN</h4>



<div class="wp-block-columns is-layout-flex wp-container-core-columns-is-layout-9d6595d7 wp-block-columns-is-layout-flex">
<div class="wp-block-column is-layout-flow wp-block-column-is-layout-flow" style="flex-basis:66.66%">
<p>in Ausstellungen in der Kunsthandlung Messerschmidt in Flensburg</p>



<p></p>
</div>



<div class="wp-block-column is-layout-flow wp-block-column-is-layout-flow" style="flex-basis:33.33%">
<figure class="wp-block-image size-full"><a href="http://andreasvonhippel.de/wp-content/uploads/2024/12/IMG_0F9AC3ADB3CF-1-1.jpeg"><img loading="lazy" decoding="async" width="600" height="619" src="http://andreasvonhippel.de/wp-content/uploads/2024/12/IMG_0F9AC3ADB3CF-1-1.jpeg" alt="" class="wp-image-515" srcset="https://andreasvonhippel.de/wp-content/uploads/2024/12/IMG_0F9AC3ADB3CF-1-1.jpeg 600w, https://andreasvonhippel.de/wp-content/uploads/2024/12/IMG_0F9AC3ADB3CF-1-1-291x300.jpeg 291w" sizes="auto, (max-width: 600px) 100vw, 600px" /></a></figure>
</div>
</div>



<div class="wp-block-columns is-layout-flex wp-container-core-columns-is-layout-9d6595d7 wp-block-columns-is-layout-flex">
<div class="wp-block-column is-layout-flow wp-block-column-is-layout-flow" style="flex-basis:66.66%">
<p>in Ausstellungen im Flensborg Fjords Kunst &amp; Kulturforening</p>
</div>



<div class="wp-block-column is-layout-flow wp-block-column-is-layout-flow" style="flex-basis:33.33%">
<figure class="wp-block-image size-full"><a href="http://andreasvonhippel.de/wp-content/uploads/2024/12/IMG_20230604_163348-1.jpg"><img loading="lazy" decoding="async" width="600" height="800" src="http://andreasvonhippel.de/wp-content/uploads/2024/12/IMG_20230604_163348-1.jpg" alt="" class="wp-image-501" srcset="https://andreasvonhippel.de/wp-content/uploads/2024/12/IMG_20230604_163348-1.jpg 600w, https://andreasvonhippel.de/wp-content/uploads/2024/12/IMG_20230604_163348-1-225x300.jpg 225w" sizes="auto, (max-width: 600px) 100vw, 600px" /></a></figure>
</div>
</div>



<div class="wp-block-columns is-layout-flex wp-container-core-columns-is-layout-9d6595d7 wp-block-columns-is-layout-flex">
<div class="wp-block-column is-layout-flow wp-block-column-is-layout-flow" style="flex-basis:66.66%">
<p>bei KUNSTSCHAFFEN 2020 im Robbe &amp; Berking Museum</p>
</div>



<div class="wp-block-column is-layout-flow wp-block-column-is-layout-flow" style="flex-basis:33.33%">
<figure class="wp-block-image size-full"><a href="http://andreasvonhippel.de/wp-content/uploads/2024/12/Andreas-von-Hippel-Ausstellung-Kunsttschaffen-2020-Berkingmuseum-Flensburg-Kopie.png"><img loading="lazy" decoding="async" width="788" height="422" src="http://andreasvonhippel.de/wp-content/uploads/2024/12/Andreas-von-Hippel-Ausstellung-Kunsttschaffen-2020-Berkingmuseum-Flensburg-Kopie.png" alt="" class="wp-image-502" srcset="https://andreasvonhippel.de/wp-content/uploads/2024/12/Andreas-von-Hippel-Ausstellung-Kunsttschaffen-2020-Berkingmuseum-Flensburg-Kopie.png 788w, https://andreasvonhippel.de/wp-content/uploads/2024/12/Andreas-von-Hippel-Ausstellung-Kunsttschaffen-2020-Berkingmuseum-Flensburg-Kopie-300x161.png 300w, https://andreasvonhippel.de/wp-content/uploads/2024/12/Andreas-von-Hippel-Ausstellung-Kunsttschaffen-2020-Berkingmuseum-Flensburg-Kopie-768x411.png 768w" sizes="auto, (max-width: 788px) 100vw, 788px" /></a></figure>
</div>
</div>



<div class="wp-block-columns is-layout-flex wp-container-core-columns-is-layout-9d6595d7 wp-block-columns-is-layout-flex">
<div class="wp-block-column is-layout-flow wp-block-column-is-layout-flow" style="flex-basis:66.66%">
<p>im Verzeichnis der Künstler Schleswig-Holsteins</p>
</div>



<div class="wp-block-column is-layout-flow wp-block-column-is-layout-flow" style="flex-basis:33.33%">
<figure class="wp-block-image size-full"><a href="http://andreasvonhippel.de/wp-content/uploads/2024/12/Andreas-von-Hippel-_-KUNST@SH-_-Schleswig-Holstein-Hamburg-Profil-1-–-Microsoft​-Edge-14.11.2020-12_15_17.png"><img loading="lazy" decoding="async" width="1024" height="728" src="http://andreasvonhippel.de/wp-content/uploads/2024/12/Andreas-von-Hippel-_-KUNST@SH-_-Schleswig-Holstein-Hamburg-Profil-1-–-Microsoft​-Edge-14.11.2020-12_15_17.png" alt="" class="wp-image-503" srcset="https://andreasvonhippel.de/wp-content/uploads/2024/12/Andreas-von-Hippel-_-KUNST@SH-_-Schleswig-Holstein-Hamburg-Profil-1-–-Microsoft​-Edge-14.11.2020-12_15_17.png 1024w, https://andreasvonhippel.de/wp-content/uploads/2024/12/Andreas-von-Hippel-_-KUNST@SH-_-Schleswig-Holstein-Hamburg-Profil-1-–-Microsoft​-Edge-14.11.2020-12_15_17-300x213.png 300w, https://andreasvonhippel.de/wp-content/uploads/2024/12/Andreas-von-Hippel-_-KUNST@SH-_-Schleswig-Holstein-Hamburg-Profil-1-–-Microsoft​-Edge-14.11.2020-12_15_17-768x546.png 768w" sizes="auto, (max-width: 1024px) 100vw, 1024px" /></a></figure>
</div>
</div>



<div class="wp-block-columns is-layout-flex wp-container-core-columns-is-layout-9d6595d7 wp-block-columns-is-layout-flex">
<div class="wp-block-column is-layout-flow wp-block-column-is-layout-flow" style="flex-basis:66.66%">
<p>in der Ausstellung in Räumlichkeiten der Fachhochschule Flensburg (2017-2022)</p>
</div>



<div class="wp-block-column is-layout-flow wp-block-column-is-layout-flow" style="flex-basis:33.33%">
<figure class="wp-block-image size-full is-resized"><a href="http://andreasvonhippel.de/wp-content/uploads/2024/12/image-11.png"><img loading="lazy" decoding="async" src="http://andreasvonhippel.de/wp-content/uploads/2024/12/image-11.png" alt="" class="wp-image-365" width="268" height="154" srcset="https://andreasvonhippel.de/wp-content/uploads/2024/12/image-11.png 412w, https://andreasvonhippel.de/wp-content/uploads/2024/12/image-11-300x172.png 300w" sizes="auto, (max-width: 268px) 100vw, 268px" /></a></figure>
</div>
</div>



<div class="wp-block-columns is-layout-flex wp-container-core-columns-is-layout-9d6595d7 wp-block-columns-is-layout-flex">
<div class="wp-block-column is-layout-flow wp-block-column-is-layout-flow" style="flex-basis:66.66%">
<p>in Praxisräumlichkeiten</p>
</div>



<div class="wp-block-column is-layout-flow wp-block-column-is-layout-flow" style="flex-basis:33.33%">
<figure class="wp-block-image size-full"><a href="http://andreasvonhippel.de/wp-content/uploads/2024/12/image-25.png"><img loading="lazy" decoding="async" width="400" height="300" src="http://andreasvonhippel.de/wp-content/uploads/2024/12/image-25.png" alt="" class="wp-image-505" srcset="https://andreasvonhippel.de/wp-content/uploads/2024/12/image-25.png 400w, https://andreasvonhippel.de/wp-content/uploads/2024/12/image-25-300x225.png 300w" sizes="auto, (max-width: 400px) 100vw, 400px" /></a></figure>
</div>
</div>



<div class="wp-block-columns is-layout-flex wp-container-core-columns-is-layout-9d6595d7 wp-block-columns-is-layout-flex">
<div class="wp-block-column is-layout-flow wp-block-column-is-layout-flow" style="flex-basis:66.66%">
<p>im Eingangsportal des St. Franziskus Krankenhaus Flensburg</p>
</div>



<div class="wp-block-column is-layout-flow wp-block-column-is-layout-flow" style="flex-basis:33.33%">
<figure class="wp-block-image size-full"><a href="http://andreasvonhippel.de/wp-content/uploads/2024/12/1997-Acryl-Gemaelde-Dampfrumdum-im-St-Franziskus-345x225cm-kl.jpg"><img loading="lazy" decoding="async" width="721" height="582" src="http://andreasvonhippel.de/wp-content/uploads/2024/12/1997-Acryl-Gemaelde-Dampfrumdum-im-St-Franziskus-345x225cm-kl.jpg" alt="" class="wp-image-506" srcset="https://andreasvonhippel.de/wp-content/uploads/2024/12/1997-Acryl-Gemaelde-Dampfrumdum-im-St-Franziskus-345x225cm-kl.jpg 721w, https://andreasvonhippel.de/wp-content/uploads/2024/12/1997-Acryl-Gemaelde-Dampfrumdum-im-St-Franziskus-345x225cm-kl-300x242.jpg 300w" sizes="auto, (max-width: 721px) 100vw, 721px" /></a></figure>
</div>
</div>



<div class="wp-block-columns is-layout-flex wp-container-core-columns-is-layout-9d6595d7 wp-block-columns-is-layout-flex">
<div class="wp-block-column is-layout-flow wp-block-column-is-layout-flow" style="flex-basis:66.66%">
<p>auf der Skulpturenpromenade Sonwik</p>
</div>



<div class="wp-block-column is-layout-flow wp-block-column-is-layout-flow" style="flex-basis:33.33%">
<figure class="wp-block-image size-full"><a href="http://andreasvonhippel.de/wp-content/uploads/2024/12/2010-R0013429-1.jpg"><img loading="lazy" decoding="async" width="600" height="800" src="http://andreasvonhippel.de/wp-content/uploads/2024/12/2010-R0013429-1.jpg" alt="" class="wp-image-508" srcset="https://andreasvonhippel.de/wp-content/uploads/2024/12/2010-R0013429-1.jpg 600w, https://andreasvonhippel.de/wp-content/uploads/2024/12/2010-R0013429-1-225x300.jpg 225w" sizes="auto, (max-width: 600px) 100vw, 600px" /></a></figure>
</div>
</div>



<div class="wp-block-columns is-layout-flex wp-container-core-columns-is-layout-9d6595d7 wp-block-columns-is-layout-flex">
<div class="wp-block-column is-layout-flow wp-block-column-is-layout-flow" style="flex-basis:66.66%">
<p>als Wohnkunst im privaten Bereich</p>
</div>



<div class="wp-block-column is-layout-flow wp-block-column-is-layout-flow" style="flex-basis:33.33%">
<figure class="wp-block-image size-full"><a href="http://andreasvonhippel.de/wp-content/uploads/2024/12/image-26.png"><img loading="lazy" decoding="async" width="412" height="231" src="http://andreasvonhippel.de/wp-content/uploads/2024/12/image-26.png" alt="" class="wp-image-509" srcset="https://andreasvonhippel.de/wp-content/uploads/2024/12/image-26.png 412w, https://andreasvonhippel.de/wp-content/uploads/2024/12/image-26-300x168.png 300w" sizes="auto, (max-width: 412px) 100vw, 412px" /></a></figure>
</div>
</div>



<p></p>



<p></p>

<p>IN AUSSTELLUNGEN, ALS WOHNKUNST, IM ÖFFENTLICHEN RAUM MEINE WERKE SIND VERTRETEN in Ausstellungen in der Kunsthandlung Messerschmidt in Flensburg in Ausstellungen im Flensborg Fjords Kunst &amp; Kulturforening bei KUNSTSCHAFFEN 2020 im Robbe &amp; Berking Museum im Verzeichnis der Künstler Schleswig-Holsteins in der Ausstellung in Räumlichkeiten der Fachhochschule Flensburg (2017-2022) in Praxisräumlichkeiten im Eingangsportal des St. &hellip; <a href="https://andreasvonhippel.de/?page_id=347" class="more-link"><span class="screen-reader-text">ZU SEHEN</span> weiterlesen</a></p>
